) = -23*z**2 + 298*z + 7800. Calculate b(-13).
39
Let r(h) = 10*h**3 + 2737*h**2 - 885*h - 17263. Give r(-274).
-1
Let v(x) = 1296*x - 66432. Determine v(50).
-1632
Let s(i) = -129*i**2 - 1078*i - 4325. Determine s(-4).
-2077
Let s(o) = -1161*o - 248936. Determine s(-214).
-482
Let c(d) = -9*d**3 + 41*d**2 - 219*d - 1486. Determine c(-6).
3248
Let k(r) = -r**2 + 63*r - 904. Determine k(41).
-2
Let b(i) = -8*i**3 + 80*i**2 + 707*i + 1197. Determine b(-3).
12
Let b(a) = -505*a - 12621. What is b(-26)?
509
Let h(b) = 2*b**3 + 235*b**2 + 51*b - 7715. Give h(-117).
7
Let l(n) = 4*n**3 - 1751*n**2 - 295*n - 62634. Give l(438).
0
Let y(f) = -203*f**3 + f**2 + 2807*f + 2810. Determine y(-1).
207
Let t(s) = -232*s**3 - 14*s**2 + 85*s - 70. Give t(1).
-231
Let c(y) = 5883*y + 23777. What is c(-4)?
245
Let z(o) = 3*o**2 + 65*o + 1032. Calculate z(-21).
990
Let d(r) = r**2 - 23*r - 396. What is d(-67)?
5634
Let z(k) = k**3 - 29*k**2 - 194*k - 2074. Determine z(36).
14
Let v(c) = -1030*c - 66939. Calculate v(-65).
11
Let g(z) = 1105*z + 218783. What is g(-198)?
-7
Let v(i) = -12*i**2 - 70127*i + 140251. What is v(2)?
-51
Let k(i) = 2103*i**2 - 44140*i - 500. Calculate k(21).
-17
Let s(k) = k**3 - 24*k**2 - 302*k + 5976. What is s(27)?
9
Let q(y) = y**2 + 3926*y - 514723. Determine q(127).
8
Let i(w) = -2*w**3 + 3*w**2 + 2318*w - 16257. What is i(7)?
-570
Let x(m) = -m**3 - m**2 - 4*m - 2. What is x(-1)?
2
Let o(y) = 2297*y**2 - 2674*y + 375. Give o(1).
-2
Let h(u) = -u**2 - 1942*u + 1310145. Calculate h(530).
-15
Let a(d) = -42*d**2 - 767*d - 50. What is a(-18)?
148
Let n(b) = -3*b**2 - 542*b + 17493. Give n(30).
-1467
Let o(w) = w**3 - 163*w**2 + 1686*w + 7. Calculate o(11).
161
Let a(r) = 4*r**3 + 2625*r**2 - 28688*r - 4679. Calculate a(-667).
-10
Let r(t) = 2*t**3 + 72*t**2 + 263*t - 38. Calculate r(-4).
-66
Let q(h) = -2*h**2 + 30945*h - 1296155. Give q(42).
7
Let r(c) = 889*c + 14340. Calculate r(-16).
116
Let m(b) = -b**3 + 40*b**2 - 58*b + 271. Calculate m(38).
955
Let z(r) = 533*r + 1574. Give z(-4).
-558
Let v(c) = c**2 - 14721*c + 9186407. Calculate v(653).
3
Let g(y) = 383*y**2 + 8044*y - 94. What is g(-21)?
-115
Let t(a) = -32*a**2 - 7395*a - 619. Determine t(-231).
74
Let k(c) = 6*c**2 - 727*c - 521. Give k(122).
89
Let v(p) = -59*p + 3661. What is v(65)?
-174
Let m(s) = -s**2 + 1655*s + 537295. Give m(-278).
-79
Let p(s) = -37885*s + 189436. Give p(5).
11
Let k(l) = -11*l**2 - 5143*l - 164550. What is k(-433)?
-10
Let s(m) = m**2 + 253*m + 16423. Calculate s(-197).
5391
Let w(r) = -4*r**3 + 462*r**2 - 3252*r + 1421. Calculate w(108).
125
Let g(n) = -n**3 + 27*n**2 + 51*n - 471. Give g(-5).
74
Let b(l) = 5*l**2 - 1790*l + 22392. Determine b(13).
-33
Let r(h) = 6*h**2 + 25*h - 16419. Give r(50).
-169
Let a(p) = p**2 - 2184*p + 228044. Calculate a(110).
-96
Let w(d) = -d**3 + 33*d**2 + 402*d + 346. Determine w(43).
-858
Let i(s) = -110*s + 8475. What is i(77)?
5
Let o(p) = -p**3 + 64*p**2 - 285*p - 598. What is o(59)?
-8
Let f(n) = 7*n**2 - 985*n - 2011. Calculate f(-2).
-13
Let b(i) = -3584*i - 21508. What is b(-6)?
-4
Let u(c) = -2*c**2 + 5812*c - 63775. What is u(11)?
-85
Let o(r) = 19453*r + 1089380. Determine o(-56).
12
Let d(t) = 2*t**2 + 3149*t + 221690. Determine d(-74).
-384
Let s(h) = 1118*h - 78185. Give s(70).
75
Let y(j) = 170*j - 1222. Determine y(12).
818
Let s(h) = 209540*h - 1257237. What is s(6)?
3
Let i(x) = -17*x**2 + 632*x + 4973. Calculate i(-8).
-1171
Let h(z) = -z**2 + 135*z + 1232. Give h(-9).
-64
Let r(i) = -93*i - 22715. Give r(-235).
-860
Let m(u) = -2*u**3 + 194*u**2 + 411*u - 942. Calculate m(99).
543
Let s(m) = -m**3 + 91*m**2 - 1988*m - 1026. Give s(38).
-38
Let x(w) = -883604*w + 16788507. Give x(19).
31
Let d(m) = 10*m**3 + 319*m**2 - 34*m - 69. Give d(-32).
-5
Let j(q) = 3026*q - 469038. Determine j(155).
-8
Let f(m) = m**2 + 546*m - 65815. What is f(97)?
-3444
Let f(u) = -81902*u + 28256179. Give f(345).
-11
Let i(a) = a**2 + 3961*a + 39696. Determine i(-10).
186
Let t(d) = 12*d**2 + 520*d + 5616. Calculate t(-23).
4
Let m(l) = -3*l**2 + 298*l + 4355. Calculate m(-14).
-405
Let k(v) = -1173*v - 5753. Calculate k(-5).
112
Let r(t) = 557*t**3 + 1115*t**2 - 1132*t - 2270. Give r(-2).
-2
Let q(u) = -46*u**2 + 785*u - 42. Determine q(16).
742
Let n(o) = 7110*o - 51692. Give n(7).
-1922
Let d(t) = 495*t - 6239. Determine d(13).
196
Let x(l) = -2*l**2 + 210*l + 33384. What is x(-87)?
-24
Let x(i) = -i**3 - 52*i**2 - 254*i + 1184. Calculate x(-46).
172
Let x(v) = v**2 - 6377*v - 25501. What is x(-4)?
23
Let o(g) = 54*g**3 - 329*g**2 + 27*g - 29. Determine o(6).
-47
Let w(d) = -509*d - 7749. Give w(-15).
-114
Let z(i) = 352*i - 24989. Give z(71).
3
Let x(d) = 358*d + 7472. Give x(-19).
670
Let t(b) = b**2 + 5616*b - 28. Determine t(0).
-28
Let k(i) = 180*i**3 + 44462*i**2 + 495*i + 259. Give k(-247).
12
Let y(d) = d**2 - 110*d - 60017. Calculate y(306).
-41
Let a(k) = 1557*k - 10485. Calculate a(6).
-1143
Let z(y) = -1944*y - 748. Give z(-1).
1196
Let a(g) = 10*g**2 - 837*g + 16115. Calculate a(30).
5
Let f(w) = w**3 + 14*w**2 - 170*w + 55. Calculate f(6).
-245
Let r(l) = -6*l**3 - 24*l**2 - 229*l - 926. Determine r(-4).
-10
Let y(l) = -74*l**3 + 159*l**2 - 334*l + 16. Give y(2).
-608
Let y(v) = 2*v**3 + 16*v**2 + 18*v + 28. Determine y(-4).
84
Let a(m) = 897*m - 1565262. Give a(1745).
3
Let u(r) = r**3 - 1072*r**2 + 27208*r - 257. Calculate u(26).
55
Let i(m) = -m**3 + 26*m**2 - 35*m - 793. Determine i(8).
79
Let n(b) = -10*b**2 + 6752*b - 53343. Give n(8).
33
Let h(c) = 10*c**3 - 55*c - 127. Calculate h(-3).
-232
Let c(x) = -36377*x - 17. Give c(0).
-17
Let t(j) = -j**2 + 209*j + 1659. Give t(-8).
-77
Let q(i) = i**3 + 115*i**2 + 1508*i + 16. Give q(-14).
-1300
Let t(j) = 2*j**3 - 60*j**2 + 145*j - 4300. Give t(30).
50
Let l(g) = -4*g**2 + 534*g + 23189. Give l(168).
5
Let u(w) = -w**2 + 1448*w - 125495. What is u(94)?
1781
Let b(c) = -43*c**2 + 9509*c - 1422. Give b(221).
-96
Let u(m) = -50*m**3 + 13*m**2 + 263*m - 799. Give u(3).
-1243
Let y(f) = -391809*f - 3526286. What is y(-9)?
-5
Let f(i) = 2187*i + 481097. Calculate f(-220).
-43
Let t(n) = -n**2 + 778*n - 46348. What is t(65)?
-3
Let d(m) = -m**3 + m**2 - 11*m - 60. Calculate d(10).
-1070
Let a(h) = 298*h**2 + 207*h + 186. What is a(-1)?
277
Let b(h) = 11*h**2 - 1081*h - 21168. Calculate b(115).
-8
Let w(t) = t**3 + 87*t**2 + 235*t - 1521. Determine w(-84).
-93
Let k(n) = -6*n**3 + 33*n**2 + 48*n - 342. Determine k(4).
-6
Let g(w) = w**2 - 29348*w + 1347897. Calculate g(46).
5
Let i(b) = -2*b**3 + 185*b**2 - 3388*b + 3805. What is i(68)?
-3
Let a(d) = -d**3 - 47*d**2 + 34*d + 698. Determine a(-45).
-4882
Let v(n) = 11*n**3 + 266*n**2 - 2416*n - 59126. Calculate v(-24).
10
Let k(b) = -12045*b + 2481252. What is k(206)?
-18
Let z(t) = -654*t**2 + 7193*t + 12. Give z(11).
1
Let p(c) = -35*c**2 - 14765*c - 56426. Give p(-418).
4
Let j(f) = 36*f**2 - 4*f - 1691. Give j(0).
-1691
Let q(t) = -114180*t + 63027355. Calculate q(552).
-5
Let c(g) = g**3 + 37*g**2 + 3027*g + 95544. What is c(-33)?
9
Let y(k) = -876*k - 13749. What is y(-17)?
1143
Let q(y) = 2*y**3 - 95*y**2 + 205*y + 904. Calculate q(45).
4
Let b(o) = -4*o**2 + 14929*o + 89641. Give b(-6).
-77
Let r(j) = 2*j**2 + 91*j + 496. Calculate r(-6).
22
Let k(b) = b**3 + 16*b**2 - 634*b - 2996. Give k(21).
7
Let r(h) = -h**2 + 2686*h - 1455539. Give r(753).
10
Let j(c) = -17621*c - 951535. Calculate j(-54).
-1
Let g(i) = -4*i**3 + 17*i**2 - 2846*i + 17327. Determine g(6).
-1
Let z(b) = 2*b**2 + 19031*b - 687701. Give z(36).
7
Let y(w) = 6*w**3 - 39*w**2 + 5*w + 109. Determine y(-5).
-1641
Let i(m) = 3*m**3 - 37*m**2 - 158*m + 1633. Determine i(13).
-83
Let n(r) = -r**3 - 18*r**2 - 90*r - 34. What is n(-9)?
47
Let q(r) = 4*r**3 + 163*r**2 - 310*r + 3327. Determine q(-43).
16
Let k(f) = 670*f - 6620. What is k(11)?
750
Let o(y) = -5397*y**2 - 998437*y + 1462. Give o(-185).
-18
Let n(p) = -1572*p - 100585. Calculate n(-64).
23
Let k(u) = -2*u**3 + 1950*u**2 - 6142*u + 301324. What is k(972)?
4
Let o(c) = 43*c**2 + 4691*c + 585. Give o(-109).
149
Let y(v) = -1118235*v - 1118239. Determine y(-1).
-4
Let v(x) = x**2 + 1970*x + 968638. Calculate v(-945).
13
Let c(p) = -p**3 - 19*p**2 + 331*p + 6653. Determine c(-19